lse
Suppose -16608 - 73560 = -6*d. Suppose -5*g + d + 10262 = 0. Suppose 8 = 2*r, 6*h - 2*r - g = 4*h. Is h a prime number?
False
Suppose 2*k + k = -7158. Is (k/4)/((-10)/60) a prime number?
False
Suppose d + 197 = 5*i, 3*i - 76 = 5*d + 29. Suppose 4*z = -2*p - 0*p - i, -5*p + 5*z = 40. Is ((-5397)/9 - -3)/(8/p) a composite number?
True
Is (1 + -4)*1/(-6)*143498 a composite number?
True
Let t(s) = -s**3 - s**2 - 2*s - 3. Let f be t(-2). Suppose -5*g + 29 - 1 = x, 0 = x - f*g + 2. Let p(j) = 3*j**2 + 17*j + 15. Is p(x) prime?
True
Let k(q) = 12858*q - 3641. Is k(51) a composite number?
False
Let k(j) = 4*j - 16. Let y be k(7). Suppose y*z - 13*z = -5. Suppose -s + z*a + 46 = 0, 6*s - 140 = s - 5*a. Is s a composite number?
False
Let r(p) = 3*p + 4. Let w(g) = 7*g + 9. Let y(i) = 5*r(i) - 2*w(i). Let q be y(-4). Is ((260 - 1) + q)/(1/2) composite?
True
Suppose -1295015 = -47*n - 973622 + 1462022. Is n a composite number?
True
Suppose -432*g = -456*g + 620184. Is g composite?
False
Let v = -735 + 201. Let q be v - (0 + 0 + -3). Is 4/(-8) + q/(-2) prime?
False
Let x(m) = -3*m - 15. Suppose -3*p = -4*k - k + 37, 15 = 3*k. Let f be x(p). Is (-557)/6*f*2 a composite number?
False
Let m(z) be the first derivative of -940*z**2 - 103*z + 35. Is m(-6) a prime number?
True
Let z be -2 + -98 - 18/(10 + -4). Let t = z - -2580. Is t a composite number?
False
Let b = -245808 + 491215. Is b composite?
False
Let z(t) = 17 + 4*t**2 - 7 - 13 + 42*t. Is z(5) prime?
True
Let x(m) = 11699*m**3 - 5*m**2 + 2*m - 7. Is x(2) prime?
False
Suppose 76*z - 107*z + 81499 = 0. Is z composite?
True
Let x(h) be the first derivative of 2*h**2 + 39*h + 17. Let a be x(-9). Suppose -2*v - 1040 = -2*n - 3*v, -a*v = 5*n - 2599. Is n prime?
True
Let m be (-1)/(-2) + 63/6. Let z(u) = -u**3 + 24*u**2 - 16*u - 12. Let w(c) = c**3 - 25*c**2 + 17*c + 13. Let k(a) = 6*w(a) + 7*z(a). Is k(m) a prime number?
False
Suppose 2*w + j - 1950885 = 0, -4877174 = -5*w + 454*j - 451*j. Is w a composite number?
False
Is -14*1/(-98)*211477 composite?
False
Let s = -56609 + 271458. Is s prime?
True
Let p be 10*2*4/16. Let h be 4 + (-1 - (-5)/p). Suppose 5801 = 4*i + h*s + 321, 5*i - 2*s = 6829. Is i composite?
False
Let v(f) = 2*f**2 + 16*f - 75. Let m(n) = -11*n + 17. Let h be m(3). Is v(h) composite?
False
Let b = 308 - 295. Suppose -4*u + 9845 = 3*h, -14*u = -b*u - h - 2456. Is u prime?
True
Suppose -m + 4*m - 9 = 0. Suppose -3*y = -0*l + 2*l - 237, 4*l = -m*y + 459. Suppose o + l = 4*o. Is o composite?
False
Let z = 108 + 986. Suppose 16*c + 5989 = c + 184. Let a = c + z. Is a a prime number?
False
Let s = -175635 + 247082. Is s a composite number?
True
Suppose 84859 = 6*v - 18557. Suppose -17*h + v = 4469. Is h a prime number?
True
Let g = -658262 + 1300935. Is g composite?
False
Let s be (-3)/7 - 496/(-14). Let b = s - 31. Suppose -2*i - t - t = -182, 346 = b*i - 5*t. Is i a composite number?
False
Suppose 0 = -262*c + 201*c + 40888117. Is c prime?
True
Suppose 3*u = 126 - 96. Let f(g) = 2*g**3 - 12*g**2 + 2*g - 11. Is f(u) prime?
True
Let m = 26130 + -14546. Suppose 4*y = -4*i + m, 2*i - 2*y - 5786 = -6*y. Is i prime?
False
Let j = 13251 + -7070. Is j composite?
True
Let j(r) = 2*r**3 - 23 - r**2 - 3*r**3 + 2 - 7*r + 0*r**3. Is j(-10) composite?
True
Suppose 10*h = h + 2871. Suppose 432 = i - h. Is i a composite number?
False
Let p(w) be the second derivative of -2*w**3 - 1/20*w**5 - w**4 + 0 + 10*w - 17/2*w**2. Is p(-12) a prime number?
True
Let z(t) = -2*t**2. Let u be z(0). Let i(l) = l**3 - 5*l + 1934. Is i(u) composite?
True
Let i(z) = -5*z + 0*z + 7*z + 278*z**3 - 1 - 32*z**3 - 3*z**2. Let m be i(-3). Is (m/12)/((-2)/6) a prime number?
True
Suppose 0 = -c + 6, 10*c = 5*u + 14*c - 68789. Is u prime?
False
Suppose -9*r + 16*r - 35434 = 0. Let i = r - 2924. Is i a composite number?
True
Suppose -4*h + 962 = -2*h. Let u be 372/22 - (39/572)/((-6)/8). Is (1*h - -2)*u/51 a prime number?
False
Let y = 4284 + 176987. Is y a prime number?
False
Suppose -3*t - 60 + 66 = 0. Suppose 3*y = -2*s + 4075, t*y = -2*s - 3*s + 10193. Suppose 3*p - 5*b - s = 0, -4*b - 1427 - 1281 = -4*p. Is p a prime number?
True
Let m = -2265 + 111. Let a be ((-305)/(-4))/((-1)/4). Let v = a - m. Is v a prime number?
False
Let b(s) = 39*s - 21. Let d be b(1). Is -2162*27/(-6)*2/d prime?
False
Suppose -1041*q = -1033*q - 1160728. Is q a prime number?
True
Let g(d) = 2130*d + 9. Let w = -242 - -244. Is g(w) prime?
False
Suppose -54 = 5*n + 4*h, 2*n + 4*h + 14 = 2. Let l(b) = -2*b - 21. Let i be l(n). Suppose -16425 - 7046 = -i*j. Is j composite?
True
Let h(v) = 48*v**3 + 25*v**2 + 39*v + 19. Is h(12) a composite number?
True
Let u(r) be the first derivative of -r**4/4 - 7*r**3/3 + 3*r**2/2 - 77*r - 33. Is u(-15) a composite number?
True
Let h(k) = k**3 - 26*k**2 + 27*k - 54. Let s be h(25). Is ((15560/(-12))/5)/(s/12) prime?
False
Let f(m) = 20*m**2 + 7*m - 10. Suppose -5*l + 4 - 59 = 0. Is f(l) a prime number?
True
Let y(k) be the third derivative of k**5/15 + k**4/12 - 10*k**2. Let q be y(-2). Is (-4)/q + 6494/6 prime?
False
Let b = -3994 + 28163. Is b a composite number?
False
Let b = 404246 + -275111. Suppose -20*z + b = -94045. Is z a composite number?
False
Suppose -9*d + 154 = 2*d. Is 6 - 105/(-6)*d composite?
False
Let w = 522865 - 241499. Is w prime?
False
Let u be 78*(6/9)/((-4)/(-1437)). Suppose 3*l + 3749 = p, -2*p + l = -7*p + u. Is p a prime number?
False
Let q = 16 + -7. Suppose 30*a = 27*a + q. Is 582/a + 3/(-1) prime?
True
Suppose 0 = -5*v - 2*h + 292033, -116824 = -29*v + 27*v + h. Is v a prime number?
False
Suppose 155 - 67 = 8*b. Suppose 2*f = 4*j + 1356, 3*f + b*j - 13*j - 2026 = 0. Is f composite?
True
Suppose 16*z - 4*u = 11*z + 4136, -2*z + 3*u = -1653. Suppose 0 = w + 4*d + 569, 0 = -0*w - w + 4*d - 545. Let k = w + z. Is k a composite number?
False
Suppose -24540 - 6775 = -26*l - 1545. Let m be ((-94)/6)/(-1)*-108. Let g = l - m. Is g a prime number?
True
Let c be 0/(-4 - -2)*(0 + 1). Suppose o + 3*t - 4*t - 1878 = c, -o + 1878 = -2*t. Let u = -1337 + o. Is u composite?
False
Let k(j) = 46007*j - 2449. Is k(10) prime?
True
Let h(q) = 22*q**3 + q + 1. Let u be h(-1). Let x(d) = -83*d - 153. Let c(t) = 26*t + 51. Let y(n) = -10*c(n) - 3*x(n). Is y(u) a composite number?
False
Let h(c) = -107*c**3 + 47*c**2 - 19*c - 3. Is h(-10) prime?
False
Let x = -297 + 291. Is -1 - (-8154 - x - 0) a composite number?
False
Let q(y) = 2 - 15 + 2 + 29 + 3*y**2 + 2*y**2. Suppose 0*f + f - 7 = 0. Is q(f) composite?
False
Suppose -10*p = 91 - 31. Is 396/p*2/(-6) prime?
False
Suppose -3*w = -5*a - 20563, 2*w - 3*w + 8226 = -2*a. Let f = -4164 - -1712. Let b = f - a. Is b prime?
True
Let c be (-738)/((-1240)/(-415) + -3). Suppose -4 = -f, -10*f = -2*j - 8*f + c. Is j composite?
False
Let p(g) = -6*g**2 - 40*g - 16. Let c be p(-6). Suppose 5*n = 2*r - 2741, 0 = 7*r - c*r - 2*n + 1393. Is r composite?
True
Let w = -33 - -35. Suppose -v = 3*f + 14477, 4*v + 4*f = w*f - 57918. Is 4/26 + v/(-13) a composite number?
True
Let x = 529 + -529. Suppose x = -2*f + 18*f - 56976. Is f a prime number?
False
Let z = -4094 - -6105. Suppose -u + z + 701 = 0. Suppose 0 = 3*c - 5*p - 4093, 2*c = 4*c + 5*p - u. Is c composite?
False
Let s(u) = u**2 + u - 1. Let d be s(-3). Let i be 2*3112*((-55)/10)/(-11). Suppose i + 2643 = d*w. Is w a prime number?
True
Let y(n) = -n**2 + 7*n - 41. Let s be y(12). Let q = s + 106. Suppose -h - 3*h = -4*r + 1108, -2*r + 533 = q*h. Is r prime?
False
Let b = 1729964 - 1037847. Is b a composite number?
False
Let p be (-2)/(-2) + 3525 + -2 + 1. Suppose 10*d - 2365 = p. Is d prime?
False
Suppose -5*r = -3*u - 1018577, -2*u = -0*r - 4*r + 814860. Is r composite?
False
Let r = -574429 + 861866. Is r a prime number?
True
Suppose 5*u + 5*i - 5523078 = 10743762, -6506737 = -2*u - i. Is u a composite number?
True
Let a be (-24)/(-14) - (-16)/56. Suppose 4*v - 1 = -3*l, -a*v + 2 = 2*l + 2*v. Is (-3846)/(-12)*(3 + l) prime?
True
Suppose q = 4*g - 2880597, -4*g = -2*q - 2464160 - 416430. Is g composite?
False
Let v(r) = -r**2 - 8*r + 18. Let o be v(0). Let y(h) = h**3 - 7*h**2 - 42*h + 43. Is y(o) composite?
False
Suppose 0 = -3*r - 1 - 5. Let j be -19 + 534 - 1*r. Suppose -2*q + 193 = -j. Is q prime?
False
Suppose 3*a 